 0)) + (90 - 80)?
21
6 + 0 - (0 + -26 - -27)
5
What is -16 + (-30 + 21 - -47)?
22
Evaluate 15 + 7 + -53 + 7.
-24
What is -7 + 27 + 0 + -14?
6
Calculate 9 + -11 + 0 - -4 - (6 + -1).
-3
What is 14 + -39 - -16 - -16?
7
Calculate 2 + -29 + (160 - 124).
9
What is the value of 18 + (57 - 92) - (1 - (10 + -2))?
-10
Calculate -10 + 9 + -17 + 10 + -4.
-12
-1 + -1 + (-114 - -126)
10
Evaluate -7 + (22 - 0) + (-25 - -27).
17
-2 - -9 - (394 + -371)
-16
202 - 205 - (1 + 10)
-14
What is (-2 + -8 - -17) + -12 + 8?
3
What is (21 - 1) + (-2 - ((6 - 13) + 10))?
15
What is the value of (1 - -1) + -15 + 13 + 1 + 7?
8
(7 - 2) + (-9 - -12)
8
What is the value of -12 - (-11 - (10 + -15))?
-6
Calculate 7 + (15 - 15) + (0 - 7).
0
Evaluate -7 - -13 - (25 + -35).
16
Calculate (1 + -20 + 14 - 9) + -7.
-21
What is the value of (-1 + -6 - -25) + -6?
12
Evaluate 39 + -35 - (14 - -3 - 1).
-12
What is the value of 465 + -482 + 0 + 27?
10
What is 1 + (6 - (13 + -20))?
14
What is the value of -2 + -2 + (1 - -7) - -7?
11
(-13 + 4 - 1) + 9 - (-4 - 23)
26
What is -8 + 9 + 16 + -3?
14
Calculate 2 - (1 + 13) - (12 - 6 - 12).
-6
What is 19 - (3 - -3 - -6)?
7
What is -6 - (3 - (-12 + 6) - 3)?
-12
Evaluate (-4 - -15 - 3) + 3.
11
What is (-6 - 7) + (1 - (-3 - 7))?
-2
What is the value of 1 - (-56 + 22 + 10)?
25
What is -9 + (-5 - -12) + -11?
-13
Evaluate -5 - -6 - -1 - 13.
-11
Calculate 18 + 18 + (-1 - 9).
26
What is 14 - (11 - (6 + -5 + 6))?
10
Evaluate (24 - -19 - 19) + -9.
15
Evaluate (-29 - -23) + (21 - 2).
13
Evaluate 0 + (-17 - 6) + 12.
-11
Evaluate (-23 - (-37 - -28)) + 20.
6
Evaluate 6 - ((-10 - -1) + 18).
-3
-52 - (-11 - (20 + -27 + 11))
-37
Calculate 6 - (7 + 0 + -5 + 3).
1
What is -14 + (12 - -2) + 16 + -21?
-5
-13 + 2 + (1 - -4) + 1 - -30
25
-7 + (-2 - (-16 - 1 - 1)) + 7
16
Calculate 57 + (28 - 79) + (-1 - -19).
24
What is (8 - (-12 + 25)) + 4 + -22?
-23
What is 1 - (-3 - (-7 - (-10 - 2))) - -3?
12
Calculate -33 + (55 - 25) + 30.
27
What is the value of (-1 - 0) + 0 - (331 - 339)?
7
What is the value of -1 + (13 - 8 - 11)?
-7
What is -4 + -2 + (2 - (8 - 39) - 4)?
23
What is 2 + -34 - -39 - (1 - -14)?
-8
Evaluate -2 - (-2 - (11 - -4 - -8)).
23
What is (-1 - 1) + (1 - (-24 - (-3 + -7)))?
13
What is 19 - (33 + 0) - -13?
-1
What is the value of 9 - (27 - (-26 - -22))?
-22
Evaluate (-7 - -3) + (2 - -1) + -3 + 16.
12
-8 - (8 - (1 - (2 + -7)))
-10
What is -8 + (-22 + 23 - -13)?
6
What is the value of 7 - (-1 + 4 + (-49 - -67) - -2)?
-16
What is the value of -58 + 44 + (16 - -9)?
11
Evaluate -6 + -2 + 2 - -8 - 9.
-7
What is the value of (-2 - (-1 - -10)) + (-51 - -40) + 3?
-19
Evaluate 8 - (-14 + 28) - (-17 + 2).
9
Calculate (-5 - 0) + (-3 - -2 - (4 - 4)).
-6
Calculate (8 - 21) + 13 + -2.
-2
Calculate (-6 - (-8 - 6) - (4 + 3)) + -19.
-18
Calculate -15 + 6 + 10 + -1.
0
What is -9 + 1 - (-20 - 3 - (-86 + 67))?
-4
4 - (1 - 0) - (-9 + 1 + 0)
11
Calculate -6 + (8 - 25 - -25) + 6.
8
What is 5 + 1 - ((8 - -5) + -18)?
11
What is the value of -37 + 26 - -68 - 24?
33
Calculate 29 + 8 + -13 - -10.
34
What is -402 - -391 - ((-1 - -5) + 0 + 1)?
-16
What is the value of (8 + 1 - -17) + -26?
0
4 + (11 - 19) + (-10 - -8) + 19
13
Calculate 12 + 21 + (111 - 173).
-29
Calculate -21 - (10 + -28) - (4 - 1).
-6
(19 - (0 + 6) - 5) + -4 - -4
8
Calculate -4 - (-15 + (-4 - -8 - -2)).
5
Calculate 5 + (-10 + 8 - (6 - 2)).
-1
Calculate 2 + 4 + 1 + 0 + -2 + -20.
-15
Calculate (24 + -52 - -7) + 47.
26
Calculate -3 + (13 - 6) + -9 + (0 - -2).
-3
Calculate -5 + 0 - ((39 - 61) + 29).
-12
Evaluate (-78 - -85) + (0 - 14).
-7
What is the value of -2 + 1 - (6 + (-2 - (-6 - -6)))?
-5
What is -38 + 34 + -3 + -16 + -11?
-34
What is 125 + -134 + 0 + -2 - -8?
-3
Calculate 10 + -13 - -2 - (-1 - 5).
5
-7 - (13 + -4 - 2)
-14
What is the value of -6 - 0 - (1 + -10 + (34 - 38))?
7
What is -8 + 46 + -22 - ((-1 - -2) + -5)?
20
Calculate -10 + 50 + -13 + -51.
-24
Calculate 10 + -22 + 1 + -43 + 53.
-1
Calculate (-1 - 3) + (15 - (-7 + 5)).
13
11 + 0 + (109 - 111) + -2 + 4
11
What is -12 + (4 - (-10 + 3 + 9))?
-10
Calculate -63 + 36 + 10 + 7.
-10
What is (-22 - -1) + (-8 - (-15 - 0))?
-14
Calculate -1 - -18 - (-914 + 918).
13
Evaluate (-50 - -75) + -28 - (2 + 0 - -33).
-38
What is the value of (-40 - -33) + 20 + -37?
-24
What is the value of (28 + -16 - 14) + -1 + -3?
-6
What is 0 + (0 - (0 - 4)) + -2 + -13?
-11
-46 + -19 - (63 + -104)
-24
Calculate (6 - 8 - (0 + 7)) + (0 - -4).
-5
Calculate 25 + -1 + -17 - (2 - -19).
-14
What is the value of -255 + 220 - (0 + -53)?
18
What is the value of (-43 - (-23 - -8)) + 5?
-23
(-22 + 16 - (2 - (-22 + 4))) + 7
-19
0 + -16 + (-6 - -17)
-5
Calculate -10 + (-3 - (1 + 8) - -18).
-4
Calculate -267 - -242 - (1 - 38).
12
What is 1 + -1 + (-3 - -7 - 9) + -5?
-10
What is the value of -6 - -17 - 2 - 9?
0
(10 + 7 - -4) + -1
20
What is the value of -19 + 12 + (-4 - (-5 + 1) - -9)?
2
17 + -42 + 17 + 15 + -1
6
What is (0 - 11) + 4 - (-10 - -4)?
-1
What is the value of -1 - -13 - 2 - 0?
10
9 - 43 - (-13 - -4)
-25
Evaluate -19 - (-18 - (12 - 21 - (-3 - -3))).
-10
4 + 2 + -11 + 15
10
-21 + 3 + -1 + 7 + (-6 - -2)
-16
-3 + -15 - (-27 - (-7 - 10)) - 11
-19
Evaluate (34 - -4) + -22 - 20.
-4
Calculate -10 + 5 + (11 + -7 - 2).
-3
What is the value of -14 - (-9 + (-7 - 15))?
17
-2 + (11 - (15 - 10)) + (1 - -2)
7
What is (30 - 26) + 7 + -1 + -8?
2
Calculate (-4 + -3 - 5) + 2.
-10
What is (2 + -4 + -2 - -9) + 5?
10
-7 + 19 + -3 - (-3 - -24)
-12
-2 + -3 - (0 + 7 - (-1 - -1))
-12
What is (-22 - -22 - (-2 + 1)) + (-9 - 8)?
-16
Calculate (-22 - -24) + (-29 - (1 - 1)) - -2.
-25
What is the value of 4 + (-7 - -24) + -15?
6
What is the value of 20 + -3 - (8 + -21 - -18)?
12
What is 28 - (32 + (-6 - -9))?
-7
Calculate 9 + -3 + (-5 - (5 + -20 - -3)).
13
What is the value of -1352 + 1344 + (-11 - 0)?
-19
What is the value of 15 + (1 - -3) + 2 + -9 + 8?
20
(3 - (3 - 8) - 9) + -6 - -6
-1
What is the value of -45 + 48 + (-1 + -1 - -1)?
2
What is the value of -4 + (0 - (14 - 7)) + 8?
-3
9 + 1 + -4 - (4 + 1 + -16)
17
What is the value of 16 + (1 - (5 - 1))?
13
Calculate (-5 + 3 - 1) + 7 - 1 - -8.
11
What is the value of -93 + 119 + (-11 - -2) + -9?
8
Evaluate (1 - -3) + (-10 - (16 + 14 + -31)).
-5
Evaluate -13 + (-5 - -18 - (9 - -2)).
-11
(-152 - -160) + (-2 - 15)
-9
What is (0 - -17) + (-33 - -21)?
5
Calculate (1 - 0) + (6 - (7 - 9)).
9
8 + (-5 + 5 - 11) + -8
-11
Evaluate 5 + -23 + 19 + 10.
11
Evaluate -8 - (-12 - (-2 + 10)).
12
What is the value of (-1 - 1) + 14 + -34 + -6 + 9?
-19
What is the value of 143 - 135 - (-2 - (1 - 19))?
-8
Calculate -18 - (-4 - -2) - (-11 - -12) - 4.
-21
24 + -51 + 39 + (-1 - 0)
11
Evaluate -5 + 9 + -14 + 0.
-10
What is 22 + -1 + -6 + -13?
2
Calculate (1 - -6) + -20 + 15.
2
What is 8 - ((1 - 0) + 12 + -3)?
-2
What is the value of -26 - (-1 + -22 - 7)?
4
Calculate -6 + (0 - -5) + (0 - -19).
18
What is the value of (7 - (0 - 2)) + 10 + -12 - 21?
-14
What is the value of 1 - (8 - (-8 - -11) - 15)?
11
What is (33 - (-45 - -91)) + (0 - -25)?
12
What is (0 + 9 - 6) + -3 + -10 + -8?
-18
-9 + 27 + -63 + 35 + 0 + 32
22
What is the value of 1 + (-12 - -17) + (-18 - 2 - 2)?
-16
What is the value of -2 + 4 + 0 - (-13 - -14)?
1
Calculate 6 + (6 - (-5 + 40)) + 11 - -1.
-11
What is the value of -11 - (5 + -31) - 11 - 5?
-1
Evaluate -5 + (-8 - (-9 + 6 + 1)).
-11
Evaluate -2 - (14 + -22 - 2).
8
What is the value of -4 + 10 + (-4 - 9) - (-2 - 10)?
5
What is 9 + -19 + (12 - 7) - -5?
0
What is (-17 + -5 - -3) + 39?
20
Evaluate -39 + 35 + (-2 - -1 - 4).
-9
0 + 2 + (4 - (16 + -7)) - 0
-3
-45 + -14 + -30 + 95
6
What is (-32 - -40) + (-17 - -3) + 31 + -1?
24
Evaluate -5 + -2 + (-1 - (-3 + -2)) + -7.
-10
Calculate 6 - -2 - ((8 - (-4 + -11)) + 1).
-16
Calculate 2 - (8 + 15 + -17) - -12.
8
14 + (4 - (-4 - -2 - 7))
27
What is the value of (-9 - -5) + (-27 - -34)?
3
Calculate -11 + (-1 - 11) + (6 + -13 - -66).
36
What is the value of 12 - 8 - 6 - (2 - 7)?
3
What is the value of -2 + 4 - 6 - (-65 - (1 + -40))?
22
-1 + 4 - (-18 + 27 - 20)
14
Evaluate 3 + 6 - (-5 + 17 + -6) - 23.
-20
Calculate (-23 - -5 - -12) + -7 - -47.
34
-17 + (-3 - -4) - (-45 + 2 - -41)
-14
Calculate -7 + 3 - (14 - (0 - 2)).
-20
What is the value of 0 + (-20 - -36) - (1 - (-3 + -1))?
11
Calculate 1 + (-1 - (-5 - 1)) + (446 - 458).
-6
Evaluate 13 - (9 - (1 + 2)).
